o base 7.
-3513
Convert -182 (base 12) to base 7.
-464
What is 13426 (base 8) in base 6?
43210
What is 2372 (base 11) in base 3?
11020222
33352 (base 9) to base 15
6875
What is 110100102 (base 3) in base 12?
5262
What is -23a03 (base 12) in base 3?
-2102222110
What is 58a (base 12) in base 5?
11301
Convert 13397 (base 11) to base 6.
224235
What is -24a (base 11) in base 16?
-128
44848 (base 9) to base 15
8ca2
What is -111001000110 (base 2) in base 13?
-1881
-3101 (base 7) to base 11
-8a1
-7d2d (base 14) to base 15
-66d2
What is 20100 (base 6) in base 12?
1630
101110011101 (base 2) to base 7
11445
Convert -1036 (base 10) to base 5.
-13121
Convert -2d7 (base 14) to base 12.
-405
Convert -10001000100000 (base 2) to base 4.
-2020200
What is -21043 (base 6) in base 5?
-42320
82b (base 16) to base 13
c4b
-32000 (base 5) to base 2
-100001001101
What is -e6b (base 16) in base 2?
-111001101011
-2447 (base 10) to base 8
-4617
What is -55315 (base 6) in base 14?
-2b27
1a8 (base 12) to base 13
17c
-54 (base 12) to base 16
-40
121000 (base 3) to base 14
22c
1134 (base 7) to base 16
1a1
-111001111111110 (base 2) to base 11
-20345
-f36 (base 16) to base 7
-14232
-100010111000 (base 2) to base 3
-10001200
113670 (base 8) to base 13
148a9
What is 1110201 (base 3) in base 5?
13242
Convert 128 (base 15) to base 13.
173
Convert 231443 (base 7) to base 2.
1010000110101011
-1425 (base 9) to base 14
-56c
What is 3511 (base 6) in base 5?
11320
Convert -167b (base 13) to base 2.
-110011110001
-36b (base 12) to base 7
-1334
Convert 1010001010 (base 2) to base 11.
541
-1edf (base 16) to base 11
-5a35
What is -31150 (base 6) in base 10?
-4170
721 (base 11) to base 15
3d0
-1c60 (base 16) to base 2
-1110001100000
What is 45a (base 14) in base 3?
1012000
What is -23001 (base 5) in base 3?
-2020020
11010011101111 (base 2) to base 14
4d1d
Convert 12111 (base 4) to base 11.
339
-673 (base 11) to base 4
-30212
551 (base 11) to base 2
1010010101
Convert -5162 (base 10) to base 8.
-12052
Convert -130211 (base 4) to base 10.
-1829
What is 2541 (base 7) in base 5?
12320
Convert 584 (base 10) to base 7.
1463
What is -d2ea (base 15) in base 10?
-44545
Convert -10403 (base 5) to base 2.
-1011011000
-755 (base 8) to base 12
-351
1985 (base 13) to base 9
5222
What is 351 (base 15) in base 7?
2122
What is -33132322 (base 4) in base 13?
-22b34
309b5 (base 13) to base 16
15538
-10213100 (base 4) to base 15
-58eb
Convert -1656 (base 8) to base 12.
-666
8603 (base 9) to base 10
6321
What is -b42 (base 15) in base 5?
-40122
-124223 (base 7) to base 8
-55070
Convert 223461 (base 7) to base 9.
60383
-4521 (base 13) to base 11
-7292
Convert 1136 (base 7) to base 11.
351
17647 (base 8) to base 9
12103
1012200 (base 3) to base 13
52b
32212 (base 5) to base 16
886
807 (base 12) to base 10
1159
Convert -7a0 (base 12) to base 6.
-5120
89f (base 16) to base 11
1727
What is 856 (base 14) in base 12?
b50
What is -6c7 (base 16) in base 14?
-8bd
554 (base 13) to base 2
1110010010
What is 1222112 (base 3) in base 8?
2645
What is -25 (base 16) in base 10?
-37
Convert 2858 (base 15) to base 8.
20671
Convert 1400043 (base 5) to base 10.
28148
Convert 7612 (base 15) to base 16.
61a0
1162 (base 7) to base 15
1e1
Convert -2738 (base 11) to base 5.
-103200
What is -31b (base 13) in base 10?
-531
Convert -6942 (base 12) to base 6.
-130122
Convert 234 (base 7) to base 6.
323
Convert 100011 (base 3) to base 5.
1442
Convert 138d (base 15) to base 16.
1057
What is 9b (base 15) in base 7?
266
What is -12120 (base 4) in base 13?
-255
What is 6433 (base 8) in base 4?
310123
Convert 1535 (base 7) to base 4.
21212
-59991 (base 10) to base 2
-1110101001010111
-926 (base 12) to base 14
-6aa
Convert 1e92 (base 16) to base 15.
24bb
-699 (base 15) to base 12
-a46
22012120 (base 3) to base 6
43410
-93 (base 16) to base 6
-403
Convert 2275 (base 8) to base 3.
1122221
Convert -15062 (base 10) to base 14.
-56bc
-44707 (base 8) to base 15
-58e2
What is 122012121 (base 3) in base 14?
4800
What is 2a17 (base 12) in base 6?
34431
Convert -7d (base 15) to base 7.
-226
-3713 (base 11) to base 12
-2986
Convert 149b7 (base 14) to base 6.
1033325
Convert -6d3a (base 14) to base 3.
-222011002
What is 1001010001000 (base 2) in base 14?
1a2c
What is -110838 (base 9) in base 7?
-364163
Convert -2414 (base 5) to base 6.
-1355
-173 (base 12) to base 5
-1411
What is 258 (base 12) in base 2?
101100100
Convert 108 (base 13) to base 12.
129
Convert -1000000000 (base 2) to base 10.
-512
-204445 (base 6) to base 2
-100000011001101
What is -284 (base 15) in base 12?
-3ba
Convert -1121 (base 6) to base 3.
-100211
What is -10333130 (base 4) in base 13?
-93c8
Convert 3b (base 12) to base 3.
1202
-46122 (base 7) to base 3
-121002100
What is -1022212 (base 3) in base 13?
-596
-206 (base 11) to base 15
-118
What is -5c91 (base 16) in base 8?
-56221
1332021 (base 4) to base 7
32352
Convert 3145 (base 8) to base 14.
84d
-417 (base 10) to base 5
-3132
Convert -44b (base 15) to base 11.
-803
Convert -1a (base 11) to base 4.
-111
529 (base 11) to base 6
2540
What is 10011100001 (base 2) in base 3?
1201021
Convert 525402 (base 6) to base 15.
c9b8
Convert 533003 (base 6) to base 10.
43419
57 (base 12) to base 16
43
10c (base 16) to base 4
10030
Convert -1225 (base 12) to base 3.
-2210202
-302302 (base 4) to base 6
-23014
-2838 (base 11) to base 3
-12000222
What is 2a0 (base 16) in base 15?
2ec
Convert -122042 (base 5) to base 11.
-3545
Convert 101220 (base 3) to base 16.
126
What is 2000002 (base 3) in base 13?
884
What is -6d (base 15) in base 11?
-94
-120102 (base 3) to base 7
-1133
What is -3113132 (base 5) in base 2?
-1100011101100010
Convert -26f1 (base 16) to base 6.
-114053
-4228 (base 11) to base 4
-1113130
What is -14300 (base 6) in base 2?
-100011011100
Convert -3203 (base 4) to base 12.
-16b
What is f3bd (base 16) in base 11?
42975
Convert 81ed (base 16) to base 7.
165654
Convert 10200 (base 5) to base 12.
483
-4151 (base 6) to base 14
-4a7
Convert -12494 (base 13) to base 2.
-1000001111011000
Convert 7256 (base 10) to base 6.
53332
Convert -1001111 (base 3) to base 14.
-3cd
Convert 12102110 (base 3) to base 5.
111304
Convert 17b (base 15) to base 14.
1a5
-1142 (base 8) to base 4
-21202
What is 20366 (base 8) in base 10?
8438
-20156 (base 11) to base 10
-29464
d02 (base 16) to base 6
23230
What is -2011 (base 4) in base 11?
-111
What is 111000000100 (base 2) in base 3?
11220220
8319 (base 10) to base 14
3063
What is 934 (base 11) in base 10?
1126
Convert 24a (base 14) to base 4.
13022
Convert 11100011101100 (base 2) to base 12.
8524
What is -4275 (base 8) in base 7?
-6344
Convert 44336 (base 10) to base 7.
243155
1a23 (base 11) to base 10
2566
Convert -2215 (base 9) to base 14.
-84a
Convert -331242 (base 5) to base 3.
-120200222
What is 237 (base 11) in base 3?
101110
1101011111 (base 3) to base 9
41144
Convert -11120100 (base 3) to base 11.
-2558
Convert -2186 (base 10) to base 12.
-1322
What is -5151 (base 6) in base 2?
-10001111011
-21011000 (base 3) to base 8
-12133
Convert -343 (base 15) to base 5.
-10423
-103 (base 6) to base 15
-29
What is 1658 (base 14) in base 10?
3998
Convert 42333 (base 6) to base 3.
21212210
What is 588 (base 12) in base 13?
4b5
Convert -27143 (base 8) to base 11.
-8a16
-1215 (base 8) to base 9
-805
c2 (base 13) to base 11
134
-59294 (base 10) to base 8
-163636
What is 56a (base 13) in base 12?
659
Convert -2121001 (base 3) to base 8.
-3543
110201 (base 3) to base 9
421
Convert 21c (base 14) to base 6.
1534
What is -5ac5 (base 13) in base 16?
-3224
What is 4474 (base 9) in base 5?
101212
Convert -1101101110 (base 2) to base 4.
-31232
-100100000001010 (base 2) to base 3
-221022001
-12195 (base 10) to base 7
-50361
What is -22201100 (base 3) in base 14?
-245c
311610 (base 7) to base 14
156b0
430 (base 7) to base 14
117
What is -1011010011000110 (base 2) in base 10?
-46278
Convert 5e0 (base 15) to base 10.
1335
Convert 13863 (base 9) to base 8.
22355
What is 11a (base 12) in base 9?
204
What is -662 (base 10) in base 4?
-22112
Convert -2810 (base 10) to base 9.
-3762
Convert -37763 (base 10) to base 8.
-111603
-1346 (base 12) to base 11
-1733
-431 (base 11) to base 3
-201012
-2331 (base 5) to base 11
-290
What is 20658 (base